{"id":854,"date":"2026-01-16T12:06:42","date_gmt":"2026-01-16T12:06:42","guid":{"rendered":"https:\/\/www.zscelakovice.cz\/_new\/?page_id=854"},"modified":"2026-03-02T12:37:16","modified_gmt":"2026-03-02T12:37:16","slug":"dokumenty-ke-stazeni","status":"publish","type":"page","link":"https:\/\/www.zscelakovice.cz\/_new\/index.php\/dokumenty-ke-stazeni\/","title":{"rendered":"Dokumenty ke sta\u017een\u00ed"},"content":{"rendered":"\n<p><a href=\"https:\/\/www.zscelakovice.cz\/dokumenty\/sr_1.9.2025.pdf\" target=\"_blank\" rel=\"noreferrer noopener\">\u0160koln\u00ed \u0159\u00e1d (.pdf)<\/a><br><a href=\"https:\/\/www.zscelakovice.cz\/dokumenty\/rocniplan-24-25.pdf\" target=\"_blank\" rel=\"noreferrer noopener\">Ro\u010dn\u00ed pl\u00e1n 2024\/2025 (.pdf)<\/a><br><a href=\"https:\/\/zscelakovice-my.sharepoint.com\/:b:\/g\/personal\/rychetsky_zscelakovice_cz\/EY5SOxs7JDROlDtThXOtXxsBvjWiIOlCAQT6aAPFn3e2SQ?e=JryLzC\" target=\"_blank\" rel=\"noreferrer noopener\">Krizov\u00e9 pl\u00e1ny \u0161koly (.pdf)<\/a><br><a href=\"https:\/\/www.zscelakovice.cz\/dokumenty\/pp-2025-2026.pdf\" target=\"_blank\" rel=\"noreferrer noopener\">Preventivn\u00ed program \u0161koly pro \u0161koln\u00ed rok 2025\/2026 (.pdf)<\/a><\/p>\n\n\n\n<p><a href=\"https:\/\/www.zscelakovice.cz\/dokumenty\/_svp_.pdf\" target=\"_blank\" rel=\"noreferrer noopener\">\u0160koln\u00ed vzd\u011bl\u00e1vac\u00ed program (.pdf)<\/a><br><a href=\"https:\/\/www.zscelakovice.cz\/dokumenty\/up.1.st.pdf\" target=\"_blank\" rel=\"noreferrer noopener\">U\u010debn\u00ed pl\u00e1n 1. stupe\u0148<\/a><br><a href=\"https:\/\/www.zscelakovice.cz\/dokumenty\/dodatek_svp.pdf\" target=\"_blank\" rel=\"noreferrer noopener\">\u0160koln\u00ed vzd\u011bl\u00e1vac\u00ed program dodatek 5 Etick\u00e1 v\u00fdchova (.pdf)<\/a><br><a href=\"https:\/\/www.zscelakovice.cz\/dokumenty\/skolni_vzdelavaci_program_dodate_6_seminar_z_matematiky.pdf\" target=\"_blank\" rel=\"noreferrer noopener\">\u0160koln\u00ed vzd\u011bl\u00e1vac\u00ed program dodatek 6 Semin\u00e1\u0159 z matematiky (.pdf)<\/a><br><a href=\"https:\/\/www.zscelakovice.cz\/dokumenty\/Druhy_cizi_jazyk_spanelsky_jazyk.pdf\" target=\"_blank\" rel=\"noreferrer noopener\">\u0160koln\u00ed vzd\u011bl\u00e1vac\u00ed program dodatek 7 \u0160pan\u011blsk\u00fd jazyk (.pdf)<\/a><br><a href=\"https:\/\/www.zscelakovice.cz\/dokumenty\/skolni_vzdelavaci_program_dodatek_8__Informatika.pdf\" target=\"_blank\" rel=\"noreferrer noopener\">\u0160koln\u00ed vzd\u011bl\u00e1vac\u00ed program dodatek 8 Informatika a digit\u00e1ln\u00ed kompetence (.pdf)<\/a><br><a href=\"https:\/\/www.zscelakovice.cz\/dokumenty\/skolni_vzdelavaci_program_dodatek_9_ucebni_plan_2022-2023.pdf\" target=\"_blank\" rel=\"noreferrer noopener\">\u0160koln\u00ed vzd\u011bl\u00e1vac\u00ed program dodatek 9 U\u010debn\u00ed pl\u00e1n 2022-2023 (.pdf)<\/a><br><a href=\"https:\/\/www.zscelakovice.cz\/dokumenty\/svp_dodatek_10_seminar_spolecenske vedy.pdf\" target=\"_blank\" rel=\"noreferrer noopener\">\u0160koln\u00ed vzd\u011bl\u00e1vac\u00ed program dodatek 10 Semin\u00e1\u0159 ze spole\u010densk\u00fdch v\u011bd (.pdf)<\/a><br><a href=\"https:\/\/www.zscelakovice.cz\/dokumenty\/svp_dodatek_11_seminar_z_modernich_dejin.pdf\" target=\"_blank\" rel=\"noreferrer noopener\">\u0160koln\u00ed vzd\u011bl\u00e1vac\u00ed program dodatek 11 Semin\u00e1\u0159 z modern\u00edch d\u011bjin (.pdf)<\/a><\/p>\n\n\n\n<p><a href=\"https:\/\/www.zscelakovice.cz\/dokumenty\/obvody.pdf\" target=\"_blank\" rel=\"noreferrer noopener\">Obvody (.pdf)<\/a><\/p>\n","protected":false},"excerpt":{"rendered":"<p>\u0160koln\u00ed \u0159\u00e1d (.pdf)Ro\u010dn\u00ed pl\u00e1n 2024\/2025 (.pdf)Krizov\u00e9 pl\u00e1ny \u0161koly (.pdf)Preventivn\u00ed program \u0161koly pro \u0161koln\u00ed rok 2025\/2026 (.pdf) \u0160koln\u00ed vzd\u011bl\u00e1vac\u00ed program (.pdf)U\u010debn\u00ed &hellip; <\/p>\n","protected":false},"author":1,"featured_media":0,"parent":0,"menu_order":0,"comment_status":"closed","ping_status":"closed","template":"","meta":{"footnotes":""},"class_list":["post-854","page","type-page","status-publish","hentry","latest_post"],"_links":{"self":[{"href":"https:\/\/www.zscelakovice.cz\/_new\/index.php\/wp-json\/wp\/v2\/pages\/854","targetHints":{"allow":["GET"]}}],"collection":[{"href":"https:\/\/www.zscelakovice.cz\/_new\/index.php\/wp-json\/wp\/v2\/pages"}],"about":[{"href":"https:\/\/www.zscelakovice.cz\/_new\/index.php\/wp-json\/wp\/v2\/types\/page"}],"author":[{"embeddable":true,"href":"https:\/\/www.zscelakovice.cz\/_new\/index.php\/wp-json\/wp\/v2\/users\/1"}],"replies":[{"embeddable":true,"href":"https:\/\/www.zscelakovice.cz\/_new\/index.php\/wp-json\/wp\/v2\/comments?post=854"}],"version-history":[{"count":2,"href":"https:\/\/www.zscelakovice.cz\/_new\/index.php\/wp-json\/wp\/v2\/pages\/854\/revisions"}],"predecessor-version":[{"id":1105,"href":"https:\/\/www.zscelakovice.cz\/_new\/index.php\/wp-json\/wp\/v2\/pages\/854\/revisions\/1105"}],"wp:attachment":[{"href":"https:\/\/www.zscelakovice.cz\/_new\/index.php\/wp-json\/wp\/v2\/media?parent=854"}],"curies":[{"name":"wp","href":"https:\/\/api.w.org\/{rel}","templated":true}]}}