{"id":920,"date":"2026-01-16T14:48:52","date_gmt":"2026-01-16T14:48:52","guid":{"rendered":"https:\/\/www.zscelakovice.cz\/_new\/?page_id=920"},"modified":"2026-07-23T12:25:15","modified_gmt":"2026-07-23T12:25:15","slug":"prazdniny","status":"publish","type":"page","link":"https:\/\/www.zscelakovice.cz\/_new\/index.php\/prazdniny\/","title":{"rendered":"Pr\u00e1zdniny"},"content":{"rendered":"\n<p class=\"wp-block-paragraph\">Organizace \u0161koln\u00edho roku <strong>2026\/2027<\/strong> v Z\u0160,S\u0160, ZU\u0160 a konzervato\u0159\u00edch<\/p>\n\n\n\n<p class=\"wp-block-paragraph\"><a href=\" https:\/\/msmt.gov.cz\/vzdelavani\/organizace-skolniho-roku-2026-2027-v-zs-ss-zus-a \"> https:\/\/msmt.gov.cz\/vzdelavani\/organizace-skolniho-roku-2026-2027-v-zs-ss-zus-a <\/a><\/p>\n\n\n\n<p class=\"wp-block-paragraph\"><strong>Vyu\u010dov\u00e1n\u00ed<\/strong> ve \u0161koln\u00edm roce <strong>2026\/2027 za\u010dne<\/strong> ve v\u0161ech z\u00e1kladn\u00edch \u0161kol\u00e1ch, st\u0159edn\u00edch \u0161kol\u00e1ch, z\u00e1kladn\u00edch um\u011bleck\u00fdch \u0161kol\u00e1ch a konzervato\u0159\u00edch <strong>v \u00fater\u00fd 1. z\u00e1\u0159\u00ed 2026<\/strong>. <\/p>\n\n\n\n<p class=\"wp-block-paragraph\"><strong>Podzimn\u00ed pr\u00e1zdniny<\/strong> stanovuje M\u0160MT <strong>na \u010dtvrtek 29. \u0159\u00edjna a p\u00e1tek 30. \u0159\u00edjna 2026.<\/strong><\/p>\n\n\n\n<p class=\"wp-block-paragraph\"><strong>V\u00e1no\u010dn\u00ed pr\u00e1zdniny<\/strong> za\u010d\u00ednaj\u00ed <strong>ve st\u0159edu 23. prosince 2026 a kon\u010d\u00ed v\u00a0ned\u011bli 3. ledna 2027<\/strong>. Vyu\u010dov\u00e1n\u00ed za\u010dne v\u00a0pond\u011bl\u00ed 4. ledna 2027. <\/p>\n\n\n\n<p class=\"wp-block-paragraph\">Vysv\u011bd\u010den\u00ed s\u00a0hodnocen\u00edm za prvn\u00ed pololet\u00ed bude \u017e\u00e1k\u016fm p\u0159ed\u00e1no ve \u010dtvrtek 28. ledna 2027.<\/p>\n\n\n\n<p class=\"wp-block-paragraph\">Jednodenn\u00ed pololetn\u00ed pr\u00e1zdniny p\u0159ipadnou na p\u00e1tek 29. ledna 2027.<\/p>\n\n\n\n<h3 class=\"wp-block-heading\">Jarn\u00ed pr\u00e1zdniny v&nbsp;d\u00e9lce jednoho t\u00fddne jsou podle s\u00eddla \u0161koly stanoveny takto:<\/h3>\n\n\n\n<p class=\"wp-block-paragraph\"><\/p>\n\n\n\n<h3 class=\"wp-block-heading\">8. 3. &#8211; 14. 3. 2027<\/h3>\n\n\n\n<p class=\"wp-block-paragraph\">Krom\u011b\u0159\u00ed\u017e, Uhersk\u00e9 Hradi\u0161t\u011b, Vset\u00edn, Zl\u00edn, <strong>Praha-v\u00fdchod<\/strong>, Praha-z\u00e1pad, M\u011bln\u00edk, Rakovn\u00edk, Plze\u0148-m\u011bsto, Plze\u0148-sever, Plze\u0148-jih, Hradec Kr\u00e1lov\u00e9, Teplice, Nov\u00fd Ji\u010d\u00edn<\/p>\n\n\n\n<p class=\"wp-block-paragraph\"><\/p>\n\n\n\n<p class=\"wp-block-paragraph\"><strong>Velikono\u010dn\u00ed pr\u00e1zdniny<\/strong> p\u0159ipadnou <strong>na \u010dtvrtek 25. b\u0159ezna 2027<\/strong>. <\/p>\n\n\n\n<p class=\"wp-block-paragraph\">Vyu\u010dov\u00e1n\u00ed ve druh\u00e9m pololet\u00ed bude ukon\u010deno <strong>ve st\u0159edu 30. \u010dervna 2027.<\/strong><\/p>\n\n\n\n<p class=\"wp-block-paragraph\"><strong>Hlavn\u00ed pr\u00e1zdniny<\/strong> trvaj\u00ed <strong>od 1. \u010dervence 2027 do 31. srpna 2027.Vyu\u010dov\u00e1n\u00ed<\/strong> ve \u0161koln\u00edm roce 2027\/2028 za\u010dne <strong>ve st\u0159edu 1. z\u00e1\u0159\u00ed 2027.<\/strong><\/p>\n\n\n\n<p class=\"wp-block-paragraph\"><\/p>\n","protected":false},"excerpt":{"rendered":"<p>Organizace \u0161koln\u00edho roku 2026\/2027 v Z\u0160,S\u0160, ZU\u0160 a konzervato\u0159\u00edch https:\/\/msmt.gov.cz\/vzdelavani\/organizace-skolniho-roku-2026-2027-v-zs-ss-zus-a Vyu\u010dov\u00e1n\u00ed ve \u0161koln\u00edm roce 2026\/2027 za\u010dne ve v\u0161ech z\u00e1kladn\u00edch \u0161kol\u00e1ch, &hellip; <\/p>\n","protected":false},"author":1,"featured_media":0,"parent":0,"menu_order":0,"comment_status":"closed","ping_status":"closed","template":"","meta":{"footnotes":""},"class_list":["post-920","page","type-page","status-publish","hentry","latest_post"],"_links":{"self":[{"href":"https:\/\/www.zscelakovice.cz\/_new\/index.php\/wp-json\/wp\/v2\/pages\/920","targetHints":{"allow":["GET"]}}],"collection":[{"href":"https:\/\/www.zscelakovice.cz\/_new\/index.php\/wp-json\/wp\/v2\/pages"}],"about":[{"href":"https:\/\/www.zscelakovice.cz\/_new\/index.php\/wp-json\/wp\/v2\/types\/page"}],"author":[{"embeddable":true,"href":"https:\/\/www.zscelakovice.cz\/_new\/index.php\/wp-json\/wp\/v2\/users\/1"}],"replies":[{"embeddable":true,"href":"https:\/\/www.zscelakovice.cz\/_new\/index.php\/wp-json\/wp\/v2\/comments?post=920"}],"version-history":[{"count":5,"href":"https:\/\/www.zscelakovice.cz\/_new\/index.php\/wp-json\/wp\/v2\/pages\/920\/revisions"}],"predecessor-version":[{"id":1393,"href":"https:\/\/www.zscelakovice.cz\/_new\/index.php\/wp-json\/wp\/v2\/pages\/920\/revisions\/1393"}],"wp:attachment":[{"href":"https:\/\/www.zscelakovice.cz\/_new\/index.php\/wp-json\/wp\/v2\/media?parent=920"}],"curies":[{"name":"wp","href":"https:\/\/api.w.org\/{rel}","templated":true}]}}

Prázdniny

<p class="wp-block-paragraph">Organizace školního roku <strong>2026/2027</strong> v ZŠ,SŠ, ZUŠ a konzervatořích</p>



<p class="wp-block-paragraph"><a href=" https://msmt.gov.cz/vzdelavani/organizace-skolniho-roku-2026-2027-v-zs-ss-zus-a "> https://msmt.gov.cz/vzdelavani/organizace-skolniho-roku-2026-2027-v-zs-ss-zus-a </a></p>



<p class="wp-block-paragraph"><strong>Vyučování</strong> ve školním roce <strong>2026/2027 začne</strong> ve všech základních školách, středních školách, základních uměleckých školách a konzervatořích <strong>v úterý 1. září 2026</strong>. </p>



<p class="wp-block-paragraph"><strong>Podzimní prázdniny</strong> stanovuje MŠMT <strong>na čtvrtek 29. října a pátek 30. října 2026.</strong></p>



<p class="wp-block-paragraph"><strong>Vánoční prázdniny</strong> začínají <strong>ve středu 23. prosince 2026 a končí v neděli 3. ledna 2027</strong>. Vyučování začne v pondělí 4. ledna 2027. </p>



<p class="wp-block-paragraph">Vysvědčení s hodnocením za první pololetí bude žákům předáno ve čtvrtek 28. ledna 2027.</p>



<p class="wp-block-paragraph">Jednodenní pololetní prázdniny připadnou na pátek 29. ledna 2027.</p>



<h3 class="wp-block-heading">Jarní prázdniny v&nbsp;délce jednoho týdne jsou podle sídla školy stanoveny takto:</h3>



<p class="wp-block-paragraph"></p>



<h3 class="wp-block-heading">8. 3. &#8211; 14. 3. 2027</h3>



<p class="wp-block-paragraph">Kroměříž, Uherské Hradiště, Vsetín, Zlín, <strong>Praha-východ</strong>, Praha-západ, Mělník, Rakovník, Plzeň-město, Plzeň-sever, Plzeň-jih, Hradec Králové, Teplice, Nový Jičín</p>



<p class="wp-block-paragraph"></p>



<p class="wp-block-paragraph"><strong>Velikonoční prázdniny</strong> připadnou <strong>na čtvrtek 25. března 2027</strong>. </p>



<p class="wp-block-paragraph">Vyučování ve druhém pololetí bude ukončeno <strong>ve středu 30. června 2027.</strong></p>



<p class="wp-block-paragraph"><strong>Hlavní prázdniny</strong> trvají <strong>od 1. července 2027 do 31. srpna 2027.Vyučování</strong> ve školním roce 2027/2028 začne <strong>ve středu 1. září 2027.</strong></p>



<p class="wp-block-paragraph"></p>

<p>Organizace školního roku 2026/2027 v ZŠ,SŠ, ZUŠ a konzervatořích https://msmt.gov.cz/vzdelavani/organizace-skolniho-roku-2026-2027-v-zs-ss-zus-a Vyučování ve školním roce 2026/2027 začne ve všech základních školách, &hellip; </p>
