{"id":935,"date":"2026-01-21T13:41:47","date_gmt":"2026-01-21T13:41:47","guid":{"rendered":"https:\/\/www.zscelakovice.cz\/_new\/?page_id=935"},"modified":"2026-03-02T12:46:25","modified_gmt":"2026-03-02T12:46:25","slug":"povinne-zverejnovane-informace","status":"publish","type":"page","link":"https:\/\/www.zscelakovice.cz\/_new\/index.php\/povinne-zverejnovane-informace\/","title":{"rendered":"Povinn\u011b zve\u0159ej\u0148ovan\u00e9 informace"},"content":{"rendered":"\n<h2 class=\"wp-block-heading\">1. Ofici\u00e1ln\u00ed n\u00e1zev<\/h2>\n\n\n\n<p><strong>Z\u00e1kladn\u00ed \u0161kola \u010cel\u00e1kovice, J. A. Komensk\u00e9ho 414, p\u0159\u00edsp\u011bvkov\u00e1 organizace<\/strong><\/p>\n\n\n\n<h2 class=\"wp-block-heading\">2. D\u016fvod a zp\u016fsob zalo\u017een\u00ed<\/h2>\n\n\n\n<p>Z\u0159izovatel:<\/p>\n\n\n\n<p>M\u011bsto \u010cel\u00e1kovice n\u00e1m\u011bst\u00ed 5. kv\u011btna 1\/11 250 88 \u010cel\u00e1kovice okres Praha-v\u00fdchod<\/p>\n\n\n\n<p>I\u010cO: 00240117<\/p>\n\n\n\n<p>Z\u00e1kladn\u00ed \u00fa\u010del z\u0159\u00edzen\u00ed &#8211; \u0161koln\u00ed vzd\u011bl\u00e1v\u00e1n\u00ed<br>Hlavn\u00ed \u010dinnost &#8211; vzd\u011bl\u00e1v\u00e1n\u00ed, stravov\u00e1n\u00ed<\/p>\n\n\n\n<h2 class=\"wp-block-heading\">3. Organiza\u010dn\u00ed struktura<\/h2>\n\n\n\n<h3 class=\"wp-block-heading\">Seznam organiza\u010dn\u00edch slo\u017eek:<\/h3>\n\n\n\n<ul class=\"wp-block-list\">\n<li>Z\u00e1kladn\u00ed \u0161kola<\/li>\n\n\n\n<li>\u0160koln\u00ed dru\u017eina<\/li>\n\n\n\n<li>\u0160koln\u00ed j\u00eddelna<\/li>\n<\/ul>\n\n\n\n<p><a href=\"https:\/\/www.zscelakovice.cz\/_new\/index.php\/kontakt\/\">Kontakty<\/a><\/p>\n\n\n\n<h2 class=\"wp-block-heading\">4. Kontaktn\u00ed spojen\u00ed<\/h2>\n\n\n\n<ul class=\"wp-block-list\">\n<li>4.1 Kontaktn\u00ed po\u0161tovn\u00ed adresa Z\u0160 \u010cel\u00e1kovice, J. A. Komensk\u00e9ho 414, p\u0159\u00edsp\u011bvkov\u00e1 organizace &#8211; J. A. Komensk\u00e9ho 414, \u010cel\u00e1kovice, PS\u010c 250 88<\/li>\n\n\n\n<li>4.2 Adresa \u00fa\u0159adovny Z\u0160 \u010cel\u00e1kovice, J. A. Komensk\u00e9ho 414, p\u0159\u00edsp\u011bvkov\u00e1 organizace &#8211; J. A. Komensk\u00e9ho 414, \u010cel\u00e1kovice, PS\u010c 250 88<\/li>\n\n\n\n<li>4.3 \u00da\u0159edn\u00ed hodiny  &#8211; &#8211; &#8211; &#8211; &#8211; &#8211; &#8211; &#8211; <\/li>\n\n\n\n<li>4.4 Telefonn\u00ed \u010d\u00edsla <strong>Telefon:<\/strong> <a href=\"tel:326998211\">326 998 211<\/a><\/li>\n\n\n\n<li>4.5 Adresa internetov\u00e9 str\u00e1nky <a href=\"http:\/\/zscelakovice.cz\">zscelakovice.cz<\/a><\/li>\n\n\n\n<li>4.6 Adresa podatelny Z\u0160 \u010cel\u00e1kovice, J. A. Komensk\u00e9ho 414, p\u0159\u00edsp\u011bvkov\u00e1 organizace &#8211; J. A. Komensk\u00e9ho 414, \u010cel\u00e1kovice, PS\u010c 250 88<\/li>\n\n\n\n<li>P\u0159ehled technick\u00fdch nosi\u010d\u016f dat, na kter\u00fdch p\u0159ij\u00edm\u00e1me dokumenty v elektronick\u00e9 podob\u011b: USB flash disk<\/li>\n\n\n\n<li>4.7 Elektronick\u00e1 adresa podatelny <a href=\"mailto:info@zscelakovice.cz\">Elektronick\u00e1 podatelna<\/a> <\/li>\n\n\n\n<li>4.8 Datov\u00e1 schr\u00e1nka wz8mkht<\/li>\n<\/ul>\n\n\n\n<h2 class=\"wp-block-heading\">5. P\u0159\u00edpadn\u00e9 platby lze pouk\u00e1zat<\/h2>\n\n\n\n<p><strong><strong>15731201\/0100&nbsp; = KB \u2013 hlavn\u00ed \u00fa\u010det<\/strong><\/strong><\/p>\n\n\n\n<p><strong>115-4605830267\/0100 = KB&nbsp; \u2013 \u0161koln\u00ed j\u00eddelna<\/strong><\/p>\n\n\n\n<p><strong>123-1403940237\/0100 = KB \u2013 \u0161koln\u00ed dru\u017eina<\/strong><\/p>\n\n\n\n<h2 class=\"wp-block-heading\">6. I\u010cO<\/h2>\n\n\n\n<p><strong>00876275<\/strong><\/p>\n\n\n\n<h2 class=\"wp-block-heading\">7. DI\u010c<\/h2>\n\n\n\n<p>\u0160kola nen\u00ed pl\u00e1tcem DPH<\/p>\n\n\n\n<h2 class=\"wp-block-heading\">8. Dokumenty<\/h2>\n\n\n\n<ul class=\"wp-block-list\">\n<li>8.1 Seznamy hlavn\u00edch dokument\u016f <a href=\"https:\/\/www.zscelakovice.cz\/_new\/index.php\/dokumenty-ke-stazeni\/\">Dokumenty \u0161koly<\/a><br><a href=\"https:\/\/www.zscelakovice.cz\/dokumenty\/sr_1.9.2025.pdf\">\u0158\u00e1dy<\/a><br><a href=\"https:\/\/www.zscelakovice.cz\/dokumenty\/orsj25-26.pdf\">Dokumenty j\u00eddelny<\/a><br><a href=\"https:\/\/www.zscelakovice.cz\/dokumenty\/druzina\/rad_sd_23_24.pdf\">\u0158\u00e1d \u0161koln\u00ed dru\u017einy<\/a><\/li>\n\n\n\n<li>8.2 <a href=\"https:\/\/www.zscelakovice.cz\/_new\/index.php\/rozpocet\/\">Rozpo\u010det<\/a><\/li>\n<\/ul>\n\n\n\n<h2 class=\"wp-block-heading\">9. \u017d\u00e1dosti o informace<\/h2>\n\n\n\n<p><strong>Prost\u0159ednictv\u00edm elektronick\u00e9 po\u0161ty:&nbsp;<a href=\"mailto:info@zscelakovice.cz\">info@zscelakovice.cz<\/a><\/strong><\/p>\n\n\n\n<p><strong>Prost\u0159ednictv\u00edm datov\u00e9 schr\u00e1nky (IDDS): wz8mkht<\/strong><\/p>\n\n\n\n<h3 class=\"wp-block-heading\">Pod\u00e1n\u00ed p\u00edsemn\u011b na adresu s\u00eddla organizace<\/h3>\n\n\n\n<p><strong>Po\u0161tou: <\/strong>Z\u0160 \u010cel\u00e1kovice, J. A. Komensk\u00e9ho 414, p\u0159\u00edsp\u011bvkov\u00e1 organizace<br> J. A. Komensk\u00e9ho 414, \u010cel\u00e1kovice, PS\u010c 250 88<\/p>\n\n\n\n<p><strong>Osobn\u011b: v s\u00eddle organizace na v\u00fd\u0161e uveden\u00e9 adrese<\/strong><\/p>\n\n\n\n<h2 class=\"wp-block-heading\">10. P\u0159\u00edjem pod\u00e1n\u00ed a podn\u011bt\u016f<\/h2>\n\n\n\n<p>Osoba ur\u010den\u00e1 k p\u0159ij\u00edm\u00e1n\u00ed \u017e\u00e1dosti a vy\u0159izov\u00e1n\u00ed st\u00ed\u017enost\u00ed, podn\u011bt\u016f a ozn\u00e1men\u00ed:<\/p>\n\n\n\n<p>Vy\u0159izov\u00e1n\u00ed \u017e\u00e1dost\u00ed, st\u00ed\u017enost\u00ed, ozn\u00e1men\u00ed a podn\u011bt\u016f prov\u00e1d\u00ed \u0159editelka \u0161koly, v p\u0159\u00edpad\u011b jej\u00ed nep\u0159\u00edtomnosti p\u0159ij\u00edm\u00e1 \u017e\u00e1dosti o poskytnut\u00ed informac\u00ed z\u00e1stupkyn\u011b \u0159editelky, tazatel obdr\u017e\u00ed odpov\u011b\u010f \/ vyj\u00e1d\u0159en\u00ed k \u017e\u00e1dosti do 15 dn\u016f od obdr\u017een\u00ed p\u00edsemn\u00e9ho dotazu, kter\u00fd spl\u0148uje v\u0161echny n\u00e1le\u017eitosti dle z\u00e1kona \u010d. 106\/1999 Sb. v platn\u00e9m zn\u011bn\u00ed, na \u00fastn\u00ed dotazy osobn\u00ed nebo telefonick\u00e9 bude odpov\u011bzeno ihned, pokud to konkr\u00e9tn\u00ed \u017e\u00e1dost tazatele umo\u017en\u00ed.<\/p>\n\n\n\n<h2 class=\"wp-block-heading\">11. P\u0159edpisy<\/h2>\n\n\n\n<ul class=\"wp-block-list\">\n<li>11.1 Nejd\u016fle\u017eit\u011bj\u0161\u00ed pou\u017e\u00edvan\u00e9 p\u0159edpisy <a href=\"https:\/\/www.zakonyprolidi.cz\/cs\/2004-561\" target=\"_blank\" rel=\"noreferrer noopener\">Z\u00e1kon \u010d. 561\/2004 Sb.<\/a><br><a href=\"https:\/\/www.zakonyprolidi.cz\/cs\/2004-563\" target=\"_blank\" rel=\"noreferrer noopener\">Z\u00e1kon \u010d. 563\/2004 Sb.<\/a><br><a href=\"https:\/\/www.zakonyprolidi.cz\/cs\/2004-500\" target=\"_blank\" rel=\"noreferrer noopener\">Z\u00e1kon \u010d. 500\/2004 Sb.<\/a><br><a href=\"https:\/\/www.zakonyprolidi.cz\/cs\/2000-250\" target=\"_blank\" rel=\"noreferrer noopener\">Z\u00e1kon \u010d. 250\/2000 Sb.<\/a><br><a href=\"https:\/\/www.zakonyprolidi.cz\/cs\/2005-48\" target=\"_blank\" rel=\"noreferrer noopener\">Vyhl\u00e1\u0161ka \u010d. 48\/2005 Sb.<\/a><br><a href=\"https:\/\/www.zakonyprolidi.cz\/cs\/2005-74\" target=\"_blank\" rel=\"noreferrer noopener\">Vyhl\u00e1\u0161ka \u010d. 74\/2005 Sb.<\/a><br><a href=\"https:\/\/www.zakonyprolidi.cz\/cs\/2005-107\" target=\"_blank\" rel=\"noreferrer noopener\">Vyhl\u00e1\u0161ka \u010d. 107\/2005 Sb.<\/a><\/li>\n\n\n\n<li>11.2 Vydan\u00e9 pr\u00e1vn\u00ed p\u0159edpisy<\/li>\n\n\n\n<li><a href=\"https:\/\/www.zscelakovice.cz\/_new\/index.php\/dokumenty-ke-stazeni\/\">Dokumenty \u0161koly<\/a><br><a href=\"https:\/\/www.zscelakovice.cz\/_newdokumenty\/sr_1.9.2025.pdf\">\u0158\u00e1dy<\/a><br><a href=\"https:\/\/www.zscelakovice.cz\/_newdokumenty\/orsj25-26.pdf\">Dokumenty j\u00eddelny<\/a><br><a href=\"https:\/\/www.zscelakovice.cz\/_newdokumenty\/druzina\/rad_sd_23_24.pdf\">\u0158\u00e1d \u0161koln\u00ed dru\u017einy<\/a><\/li>\n<\/ul>\n\n\n\n<h2 class=\"wp-block-heading\">12. \u00dahrady za poskytov\u00e1n\u00ed informac\u00ed<\/h2>\n\n\n\n<ul class=\"wp-block-list\">\n<li>12.1 Sazebn\u00edk \u00fahrad za poskytov\u00e1n\u00ed informac\u00ed Nebyly stanoveny \u017e\u00e1dn\u00e9 sazby za poskytnut\u00ed informac\u00ed.<\/li>\n\n\n\n<li>12.2 Usnesen\u00ed nad\u0159\u00edzen\u00e9ho org\u00e1nu o v\u00fd\u0161i \u00fahrad za poskytnut\u00ed informac\u00ed<\/li>\n<\/ul>\n\n\n\n<h3 class=\"wp-block-heading\">13. Licen\u010dn\u00ed smlouvy<\/h3>\n\n\n\n<ul class=\"wp-block-list\">\n<li>13.1 Vzor licen\u010dn\u00edch smluv (PDF)<\/li>\n\n\n\n<li>13.2 V\u00fdhradn\u00ed licence: V sou\u010dasn\u00e9 dob\u011b nejsou Z\u0160 \u010cel\u00e1kovice, J. A. Komensk\u00e9ho 414, p\u0159\u00edsp\u011bvkov\u00e1 organizace poskytnuty \u017e\u00e1dn\u00e9 v\u00fdhradn\u00ed licence podle \u00a714a odst. 4 z\u00e1kona \u010d. 106\/1999 Sb.<\/li>\n<\/ul>\n\n\n\n<h2 class=\"wp-block-heading\">14. V\u00fdro\u010dn\u00ed zpr\u00e1va podle z\u00e1kona \u010d. 106\/1999 Sb.<\/h2>\n","protected":false},"excerpt":{"rendered":"<p>1. Ofici\u00e1ln\u00ed n\u00e1zev Z\u00e1kladn\u00ed \u0161kola \u010cel\u00e1kovice, J. A. Komensk\u00e9ho 414, p\u0159\u00edsp\u011bvkov\u00e1 organizace 2. D\u016fvod a zp\u016fsob zalo\u017een\u00ed Z\u0159izovatel: M\u011bsto \u010cel\u00e1kovice &hellip; <\/p>\n","protected":false},"author":1,"featured_media":0,"parent":0,"menu_order":0,"comment_status":"closed","ping_status":"closed","template":"","meta":{"footnotes":""},"class_list":["post-935","page","type-page","status-publish","hentry","latest_post"],"_links":{"self":[{"href":"https:\/\/www.zscelakovice.cz\/_new\/index.php\/wp-json\/wp\/v2\/pages\/935","targetHints":{"allow":["GET"]}}],"collection":[{"href":"https:\/\/www.zscelakovice.cz\/_new\/index.php\/wp-json\/wp\/v2\/pages"}],"about":[{"href":"https:\/\/www.zscelakovice.cz\/_new\/index.php\/wp-json\/wp\/v2\/types\/page"}],"author":[{"embeddable":true,"href":"https:\/\/www.zscelakovice.cz\/_new\/index.php\/wp-json\/wp\/v2\/users\/1"}],"replies":[{"embeddable":true,"href":"https:\/\/www.zscelakovice.cz\/_new\/index.php\/wp-json\/wp\/v2\/comments?post=935"}],"version-history":[{"count":6,"href":"https:\/\/www.zscelakovice.cz\/_new\/index.php\/wp-json\/wp\/v2\/pages\/935\/revisions"}],"predecessor-version":[{"id":1114,"href":"https:\/\/www.zscelakovice.cz\/_new\/index.php\/wp-json\/wp\/v2\/pages\/935\/revisions\/1114"}],"wp:attachment":[{"href":"https:\/\/www.zscelakovice.cz\/_new\/index.php\/wp-json\/wp\/v2\/media?parent=935"}],"curies":[{"name":"wp","href":"https:\/\/api.w.org\/{rel}","templated":true}]}}